{"id":240,"date":"2025-01-17T10:38:50","date_gmt":"2025-01-17T09:38:50","guid":{"rendered":"https:\/\/adelinepannequin.fr\/?page_id=240"},"modified":"2025-04-30T17:34:21","modified_gmt":"2025-04-30T15:34:21","slug":"pre-comptabilite","status":"publish","type":"page","link":"https:\/\/adelinepannequin.fr\/index.php\/pre-comptabilite\/","title":{"rendered":"Pr\u00e9 comptabilit\u00e9"},"content":{"rendered":"\t\t<div data-elementor-type=\"wp-page\" data-elementor-id=\"240\" class=\"elementor elementor-240\">\n\t\t\t\t<div class=\"elementor-element elementor-element-1582a4e5 e-flex e-con-boxed e-con e-parent\" data-id=\"1582a4e5\" data-element_type=\"container\" data-e-type=\"container\">\n\t\t\t\t\t<div class=\"e-con-inner\">\n\t\t\t\t<div class=\"elementor-element elementor-element-5421ddb6 elementor-widget elementor-widget-heading\" data-id=\"5421ddb6\" data-element_type=\"widget\" data-e-type=\"widget\" data-widget_type=\"heading.default\">\n\t\t\t\t<div class=\"elementor-widget-container\">\n\t\t\t\t\t<h2 class=\"elementor-heading-title elementor-size-default\">Pr\u00e9-comptabilit\u00e9<\/h2>\t\t\t\t<\/div>\n\t\t\t\t<\/div>\n\t\t\t\t<div class=\"elementor-element elementor-element-37a77b79 elementor-widget-divider--view-line elementor-widget elementor-widget-divider\" data-id=\"37a77b79\" data-element_type=\"widget\" data-e-type=\"widget\" data-widget_type=\"divider.default\">\n\t\t\t\t<div class=\"elementor-widget-container\">\n\t\t\t\t\t\t\t<div class=\"elementor-divider\">\n\t\t\t<span class=\"elementor-divider-separator\">\n\t\t\t\t\t\t<\/span>\n\t\t<\/div>\n\t\t\t\t\t\t<\/div>\n\t\t\t\t<\/div>\n\t\t\t\t\t<\/div>\n\t\t\t\t<\/div>\n\t\t<div class=\"elementor-element elementor-element-75c54843 e-flex e-con-boxed e-con e-parent\" data-id=\"75c54843\" data-element_type=\"container\" data-e-type=\"container\">\n\t\t\t\t\t<div class=\"e-con-inner\">\n\t\t\t\t\t<\/div>\n\t\t\t\t<\/div>\n\t\t<div class=\"elementor-element elementor-element-6de2483 e-flex e-con-boxed e-con e-parent\" data-id=\"6de2483\" data-element_type=\"container\" data-e-type=\"container\">\n\t\t\t\t\t<div class=\"e-con-inner\">\n\t\t\t\t<div class=\"elementor-element elementor-element-65b4264 elementor-widget elementor-widget-text-editor\" data-id=\"65b4264\" data-element_type=\"widget\" data-e-type=\"widget\" data-widget_type=\"text-editor.default\">\n\t\t\t\t<div class=\"elementor-widget-container\">\n\t\t\t\t\t\t\t\t\t<p><strong>Pr\u00e9-comptabilit\u00e9 Externalis\u00e9e : Simplifiez Votre Gestion Financi\u00e8re et Gagnez du Temps Pr\u00e9cieux !<\/strong><\/p><p>Assurer une bonne sant\u00e9 financi\u00e8re est crucial, mais la gestion de la pr\u00e9-comptabilit\u00e9 peut rapidement devenir un fardeau chronophage, vous \u00e9loignant de vos priorit\u00e9s strat\u00e9giques. D\u00e9l\u00e9guer cette \u00e9tape essentielle \u00e0 une assistante sp\u00e9cialis\u00e9e vous permet de vous recentrer sur votre activit\u00e9 tout en garantissant une gestion rigoureuse et efficace de vos documents financiers.<\/p><p><strong>Pourquoi l&rsquo;externalisation de votre pr\u00e9 comptabilit\u00e9 est-elle une d\u00e9cision judicieuse ?<\/strong><\/p><p>\ud83d\udcccTemps pr\u00e9cieux lib\u00e9r\u00e9 : Concentrez-vous sur le d\u00e9veloppement de votre entreprise en me confiant les t\u00e2ches r\u00e9p\u00e9titives et absorbantes de la pr\u00e9-comptabilit\u00e9.<\/p><p>\ud83d\udcccMoins de risques d&rsquo;erreurs : B\u00e9n\u00e9ficiez d&rsquo;une expertise professionnelle pour une pr\u00e9paration de vos documents comptables pr\u00e9cise et conforme aux normes.<\/p><p>\ud83d\udcccOrganisation financi\u00e8re optimis\u00e9e : Un suivi structur\u00e9 et m\u00e9thodique de vos donn\u00e9es comptables, \u00e9liminant les retards et les oublis.<\/p><p>\ud83d\udcccCollaboration facilit\u00e9e avec votre expert-comptable : Fournissez-lui des dossiers clairs, complets et pr\u00eats \u00e0 l&#8217;emploi pour un traitement rapide et efficace.<\/p><p><strong>\u00a0<\/strong><\/p><p><strong>Mes missions cl\u00e9s en pr\u00e9 comptabilit\u00e9 : Votre alli\u00e9 financier<\/strong><\/p><p>Je prends en charge les aspects essentiels de votre pr\u00e9 comptabilit\u00e9 :<\/p><p>\ud83d\udcceCollecte et num\u00e9risation des justificatifs : Centralisation et organisation num\u00e9rique de vos factures, relev\u00e9s bancaires, notes de frais, etc.<\/p><p>\ud83d\udcceSaisie rigoureuse des donn\u00e9es comptables : Organisation et saisie pr\u00e9cise dans des outils adapt\u00e9s pour une lecture et une analyse facilit\u00e9e.<\/p><p>\ud83d\udcceSuivi proactif des paiements et encaissements : V\u00e9rification des r\u00e8glements re\u00e7us et mise en place de relances efficaces en cas d&rsquo;impay\u00e9s.<\/p><p>\ud83d\udcceGestion simplifi\u00e9e des notes de frais : V\u00e9rification, tri et pr\u00e9paration pour une int\u00e9gration rapide et sans erreur dans votre comptabilit\u00e9.<\/p><p>\ud83d\udccePr\u00e9paration facilit\u00e9e des d\u00e9clarations fiscales : Collecte et v\u00e9rification des informations n\u00e9cessaires (TVA, charges sociales, etc.).<\/p><p><strong>\u00a0<\/strong><\/p><p><strong>Un service flexible, \u00e9conomique et adapt\u00e9 \u00e0 vos besoins sp\u00e9cifiques :<\/strong><\/p><p>Choisir mon assistance en pr\u00e9-comptabilit\u00e9, c&rsquo;est opter pour :<\/p><p>\ud83d\udccdUne solution sur mesure : Un accompagnement ponctuel, r\u00e9gulier ou intensif selon les besoins et l&rsquo;\u00e9volution de votre activit\u00e9.<\/p><p>\ud83d\udccdUne optimisation des co\u00fbts : Acc\u00e9dez \u00e0 une expertise pointue sans les charges salariales d&rsquo;un recrutement interne.<\/p><p>\ud83d\udccdUne agilit\u00e9 accrue : Ajustez facilement la prestation en fonction de vos fluctuations administratives et comptables.<\/p><p><strong>\u00a0<\/strong><\/p><p><strong>Simplifiez votre comptabilit\u00e9, gagnez en clart\u00e9 financi\u00e8re.<\/strong><\/p><p><strong>\u00a0<\/strong><\/p><p>En externalisant la gestion de votre pr\u00e9-comptabilit\u00e9, vous rationalisez vos processus financiers, r\u00e9duisez votre charge mentale et disposez d&rsquo;une base solide pour une collaboration efficace avec votre expert-comptable, garantissant ainsi une gestion financi\u00e8re saine et ma\u00eetris\u00e9e.<\/p><p><strong>\u00a0<\/strong><\/p><p><strong>Pr\u00eat(e) \u00e0 all\u00e9ger votre quotidien financier et \u00e0 optimiser la gestion de votre entreprise ? <\/strong><\/p><p><strong>\u00a0<\/strong><\/p><p><strong>\u00a0<\/strong><\/p><p><strong>Contactez-moi d\u00e8s aujourd&rsquo;hui pour une consultation personnalis\u00e9e !<\/strong><\/p><p><strong>\u00a0<\/strong><\/p><p><strong>\u00a0<\/strong><\/p>\t\t\t\t\t\t\t\t<\/div>\n\t\t\t\t<\/div>\n\t\t\t\t\t<\/div>\n\t\t\t\t<\/div>\n\t\t<div class=\"elementor-element elementor-element-1cef38fd e-flex e-con-boxed e-con e-parent\" data-id=\"1cef38fd\" data-element_type=\"container\" data-e-type=\"container\">\n\t\t\t\t\t<div class=\"e-con-inner\">\n\t\t\t\t<div class=\"elementor-element elementor-element-73b690da elementor-align-center elementor-widget elementor-widget-button\" data-id=\"73b690da\" data-element_type=\"widget\" data-e-type=\"widget\" data-widget_type=\"button.default\">\n\t\t\t\t<div class=\"elementor-widget-container\">\n\t\t\t\t\t\t\t\t\t<div class=\"elementor-button-wrapper\">\n\t\t\t\t\t<a class=\"elementor-button elementor-button-link elementor-size-sm\" href=\"https:\/\/adelinepannequin.fr\/index.php\/contact\/\" target=\"_blank\">\n\t\t\t\t\t\t<span class=\"elementor-button-content-wrapper\">\n\t\t\t\t\t\t\t\t\t<span class=\"elementor-button-text\">Demandez ici votre devis personnalis\u00e9<\/span>\n\t\t\t\t\t<\/span>\n\t\t\t\t\t<\/a>\n\t\t\t\t<\/div>\n\t\t\t\t\t\t\t\t<\/div>\n\t\t\t\t<\/div>\n\t\t\t\t\t<\/div>\n\t\t\t\t<\/div>\n\t\t\t\t<\/div>\n\t\t","protected":false},"excerpt":{"rendered":"<p>Pr\u00e9-comptabilit\u00e9 Pr\u00e9-comptabilit\u00e9 Externalis\u00e9e : Simplifiez Votre Gestion Financi\u00e8re et Gagnez du Temps Pr\u00e9cieux ! Assurer une bonne sant\u00e9 financi\u00e8re est crucial, mais la gestion de la pr\u00e9-comptabilit\u00e9 peut rapidement devenir un fardeau chronophage, vous \u00e9loignant de vos priorit\u00e9s strat\u00e9giques. D\u00e9l\u00e9guer cette \u00e9tape essentielle \u00e0 une assistante sp\u00e9cialis\u00e9e vous permet de vous recentrer sur votre activit\u00e9 [&hellip;]<\/p>\n","protected":false},"author":1,"featured_media":0,"parent":0,"menu_order":0,"comment_status":"closed","ping_status":"closed","template":"","meta":{"_seopress_robots_primary_cat":"","_seopress_titles_title":"Service de pr\u00e9 comptabilit\u00e9, Gestion des factures, Suivi des paiements, Organisation","_seopress_titles_desc":"Services de pr\u00e9 comptabilit\u00e9 pour les entrepreneurs et TPE : gestion des factures, suivi des paiements et pr\u00e9paration comptable simplifi\u00e9e","_seopress_robots_index":"","ocean_post_layout":"","ocean_both_sidebars_style":"","ocean_both_sidebars_content_width":0,"ocean_both_sidebars_sidebars_width":0,"ocean_sidebar":"","ocean_second_sidebar":"","ocean_disable_margins":"enable","ocean_add_body_class":"","ocean_shortcode_before_top_bar":"","ocean_shortcode_after_top_bar":"","ocean_shortcode_before_header":"","ocean_shortcode_after_header":"","ocean_has_shortcode":"","ocean_shortcode_after_title":"","ocean_shortcode_before_footer_widgets":"","ocean_shortcode_after_footer_widgets":"","ocean_shortcode_before_footer_bottom":"","ocean_shortcode_after_footer_bottom":"","ocean_display_top_bar":"default","ocean_display_header":"default","ocean_header_style":"","ocean_center_header_left_menu":"","ocean_custom_header_template":"","ocean_custom_logo":0,"ocean_custom_retina_logo":0,"ocean_custom_logo_max_width":0,"ocean_custom_logo_tablet_max_width":0,"ocean_custom_logo_mobile_max_width":0,"ocean_custom_logo_max_height":0,"ocean_custom_logo_tablet_max_height":0,"ocean_custom_logo_mobile_max_height":0,"ocean_header_custom_menu":"","ocean_menu_typo_font_family":"","ocean_menu_typo_font_subset":"","ocean_menu_typo_font_size":0,"ocean_menu_typo_font_size_tablet":0,"ocean_menu_typo_font_size_mobile":0,"ocean_menu_typo_font_size_unit":"px","ocean_menu_typo_font_weight":"","ocean_menu_typo_font_weight_tablet":"","ocean_menu_typo_font_weight_mobile":"","ocean_menu_typo_transform":"","ocean_menu_typo_transform_tablet":"","ocean_menu_typo_transform_mobile":"","ocean_menu_typo_line_height":0,"ocean_menu_typo_line_height_tablet":0,"ocean_menu_typo_line_height_mobile":0,"ocean_menu_typo_line_height_unit":"","ocean_menu_typo_spacing":0,"ocean_menu_typo_spacing_tablet":0,"ocean_menu_typo_spacing_mobile":0,"ocean_menu_typo_spacing_unit":"","ocean_menu_link_color":"","ocean_menu_link_color_hover":"","ocean_menu_link_color_active":"","ocean_menu_link_background":"","ocean_menu_link_hover_background":"","ocean_menu_link_active_background":"","ocean_menu_social_links_bg":"","ocean_menu_social_hover_links_bg":"","ocean_menu_social_links_color":"","ocean_menu_social_hover_links_color":"","ocean_disable_title":"default","ocean_disable_heading":"default","ocean_post_title":"","ocean_post_subheading":"","ocean_post_title_style":"","ocean_post_title_background_color":"","ocean_post_title_background":0,"ocean_post_title_bg_image_position":"","ocean_post_title_bg_image_attachment":"","ocean_post_title_bg_image_repeat":"","ocean_post_title_bg_image_size":"","ocean_post_title_height":0,"ocean_post_title_bg_overlay":0.5,"ocean_post_title_bg_overlay_color":"","ocean_disable_breadcrumbs":"default","ocean_breadcrumbs_color":"","ocean_breadcrumbs_separator_color":"","ocean_breadcrumbs_links_color":"","ocean_breadcrumbs_links_hover_color":"","ocean_display_footer_widgets":"default","ocean_display_footer_bottom":"default","ocean_custom_footer_template":"","footnotes":""},"class_list":["post-240","page","type-page","status-publish","hentry","entry"],"_links":{"self":[{"href":"https:\/\/adelinepannequin.fr\/index.php\/wp-json\/wp\/v2\/pages\/240","targetHints":{"allow":["GET"]}}],"collection":[{"href":"https:\/\/adelinepannequin.fr\/index.php\/wp-json\/wp\/v2\/pages"}],"about":[{"href":"https:\/\/adelinepannequin.fr\/index.php\/wp-json\/wp\/v2\/types\/page"}],"author":[{"embeddable":true,"href":"https:\/\/adelinepannequin.fr\/index.php\/wp-json\/wp\/v2\/users\/1"}],"replies":[{"embeddable":true,"href":"https:\/\/adelinepannequin.fr\/index.php\/wp-json\/wp\/v2\/comments?post=240"}],"version-history":[{"count":8,"href":"https:\/\/adelinepannequin.fr\/index.php\/wp-json\/wp\/v2\/pages\/240\/revisions"}],"predecessor-version":[{"id":382,"href":"https:\/\/adelinepannequin.fr\/index.php\/wp-json\/wp\/v2\/pages\/240\/revisions\/382"}],"wp:attachment":[{"href":"https:\/\/adelinepannequin.fr\/index.php\/wp-json\/wp\/v2\/media?parent=240"}],"curies":[{"name":"wp","href":"https:\/\/api.w.org\/{rel}","templated":true}]}}